e prime factors of ((-2)/(-1))/(2/100)?
2, 5
Let f be 1*-11*6/(-6). Let x = 2 + f. List the prime factors of x.
13
Let s = 14 + -10. Suppose -s*c + 74 = 26. List the prime factors of c.
2, 3
Suppose 2*x + 3*x = -45. Suppose 5*o - c + 38 = 0, 5*o + 3*c - 6 + 32 = 0. Let j = o - x. List the prime factors of j.
2
Let o = 62 - -11. List the prime factors of o.
73
Let z = -12 - 0. Let r be (z/10)/((-3)/(-40)). Let w = 33 + r. List the prime factors of w.
17
Suppose -2*n = -0*m + 2*m - 18, 4*n = 12. Let b = m + 0. Suppose j - 1 = b. What are the prime factors of j?
7
Let k = -8 - -2. Let s be 4/k - 51/(-9). Suppose -4*j - s*y + 41 = 0, 0*j = 5*j - y - 73. What are the prime factors of j?
2, 7
Let n(h) = 2*h**2 + 8*h - 6. What are the prime factors of n(-6)?
2, 3
Let j be ((-1)/3)/(3/(-18)). Suppose 3*b = -j*y + 46, 4*b + 21 = 4*y + 89. Suppose -n - 41 = -3*h, 2*h + 5*n - b = -0*n. List the prime factors of h.
13
Let v(l) = -3*l**3 + 4*l + 3. Let p be v(-2). Suppose 3 = d - t, p = 5*d - 4*t + 3. What are the prime factors of d?
2
Let t(p) = 3*p + 13 - 3*p - 18 + 2*p**2. What are the prime factors of t(-5)?
3, 5
Let t be (20 - 4)*9/4. Suppose -3*c = -c - t. What are the prime factors of c?
2, 3
Suppose -4 = -r - 5. Let d be ((-1)/(-2))/(3/54). Let s = d + r. What are the prime factors of s?
2
Suppose -7*v = -v - 582. List the prime factors of v.
97
Suppose -4*k = -2*k - 8. Suppose 8 = -5*f + 23. Suppose 4*g + 32 = 2*o - 0*o, 0 = -k*o + f*g + 54. List the prime factors of o.
2, 3
Let d = 142 - 70. List the prime factors of d.
2, 3
Suppose 19 = -s - s - 5*q, -s - 5*q - 22 = 0. Suppose 4*n - 9 = s*h + 33, -n - h = -14. What are the prime factors of n?
2, 3
Suppose -4*x - 4*m + 28 = 0, -m - 1 = -2. Let f(h) = -h - 3*h**3 - x*h + 9*h**2 - 2 + 2*h**3. List the prime factors of f(8).
2, 3
Suppose 108 = 6*z - 732. Suppose -z = -5*w - s, -s - 28 = -w + 4*s. List the prime factors of w.
2, 7
List the prime factors of 12/15 - 555/(-25).
23
Suppose -2*s - 2*s = -2*u - 38, -2*u = -6. List the prime factors of s.
11
Suppose -32 = -4*p + 12. Let t(o) = 4*o - 14. List the prime factors of t(p).
2, 3, 5
Suppose -4*v - 3*x + 1 = 2*x, 23 = 2*v - 5*x. List the prime factors of v.
2
Suppose -b = 3*b, -b - 44 = m. Let f = 2 - m. List the prime factors of f.
2, 23
Let v(a) = -a**2 + 5*a + 9. Let n(b) = 2*b + 4. Let f(t) = 5*n(t) - 2*v(t). Suppose -3*o = -m - 11, -5*o + m = 3*m. List the prime factors of f(o).
2, 5
Suppose 26 = -4*v - 78. Let d = -12 - v. List the prime factors of d.
2, 7
Let d(v) = -103*v**3 - v**2 - 2*v - 1. What are the prime factors of d(-1)?
103
Suppose -4*z + 358 = -5*r, -4*r = 2*z - 99 - 93. What are the prime factors of z/6 - (-9)/(-27)?
3, 5
Let r(q) = -4 - 8*q - 3*q - q**2 - 1 + 0*q. List the prime factors of r(-6).
5
Suppose 5*d = 4*d + 10. Let o = 7 + -3. Suppose 2*x - o = d. List the prime factors of x.
7
Suppose 4*j - 93 = -5. Let m = j - 18. List the prime factors of m.
2
Let r(q) = 21*q + 39. What are the prime factors of r(6)?
3, 5, 11
Let t be (-847)/(-28) - (-1)/(-4). Suppose -y + 3*q + t = -q, 3*y = 5*q + 76. List the prime factors of y.
2, 11
Let i be -6*(-2 - 3/(-2)). Suppose 3*b = -i*l + 9 + 30, 5*b + 5 = 0. What are the prime factors of l?
2, 7
Let c(f) = -6 + 8*f**2 - f + 5*f**2 + 6. What are the prime factors of c(-1)?
2, 7
Let h(u) = -16*u - 24. What are the prime factors of h(-7)?
2, 11
Let l be (-9)/(-3)*(-8)/(-6). Suppose 12 = -3*x, -l*t = -5*t - 2*x + 13. What are the prime factors of t?
3, 7
Suppose 0 = -4*o + 391 + 77. List the prime factors of o.
3, 13
Let r be 8/3 - 4/6. Suppose -c + 9 = r*c. Suppose 2*d + 29 = 5*d + 2*g, 2*d - c*g = 28. List the prime factors of d.
11
Let l(i) = 3*i**2. Let m be l(1). Let w be (-1)/(-2 + m)*-2. List the prime factors of 1 + w + -5 - -6.
2
Let p(y) = 0*y**2 + 2*y**2 + 2*y**2 - 6*y - 3*y**2 - 6. Let x(c) = -5*c**2 + 29*c + 31. Let n(f) = -11*p(f) - 2*x(f). List the prime factors of n(7).
11
Let b(n) = 5*n**2 + 0 - 4*n**2 + 3 - 4 - 3*n. Suppose -3*x + 12 = 0, 2*g + g + 2*x = 20. What are the prime factors of b(g)?
3
Let f = -14 + 16. List the prime factors of ((-6)/9)/(f/(-141)).
47
Let b = 38 - 27. Let j = 54 - b. What are the prime factors of j?
43
Let b(g) be the third derivative of -23*g**4/24 + 4*g**2. What are the prime factors of b(-1)?
23
Suppose 0 = -v - 3*c + 2 + 4, v + c = 0. Let a be v/6*3*-4. What are the prime factors of 9/(1*9/a)?
2, 3
Suppose -3*o + 3 = -6. Suppose -4*m - 2*s + 113 = -o*s, -3*s = 15. What are the prime factors of m?
3
Let n = -3 + 7. Let w = n - 2. Suppose -w*s - 2*s = -8. What are the prime factors of s?
2
Let q(o) = o**3 + 8*o**2 + 6*o. List the prime factors of q(-6).
2, 3
Suppose 5*w = 2*w + 30. Suppose 5*c = -w, 4*r + 3 - 33 = -3*c. List the prime factors of r.
3
Let z = -5 + 3. Let t = z + 19. What are the prime factors of t?
17
Let b(y) = -2*y**3 - 2*y. Let k be b(2). Let r = k + 34. Suppose 0 = 3*l - 7 - r. What are the prime factors of l?
7
Suppose 0 = 2*w + 54 - 422. List the prime factors of w.
2, 23
Let r be 5 + 2*(-3)/6. List the prime factors of (6/r)/(3/4).
2
Let d(z) = -z**3 - 12*z**2 + 4. Let v be d(-12). Suppose 5*a = v*a + 7. Let j(g) = -g**3 + 7*g**2 + g + 7. List the prime factors of j(a).
2, 7
Suppose 2*j - 2*l = -j + 62, 0 = j - 5*l - 12. List the prime factors of j.
2, 11
Let x = -1 - -4. Let v(w) = w**2 + 2*w - 2. Let t(f) = -f. Let u(a) = t(a) + v(a). What are the prime factors of u(x)?
2, 5
What are the prime factors of -164*(116/(-112) - (-4)/14)?
3, 41
Let x be (2/4)/(9/54). Suppose w + x*z + 0*z = 34, 5*w = -2*z + 144. List the prime factors of w.
2, 7
Let w(b) = -4*b + 2*b**3 - 2*b + 5*b**2 - b - b**3 - 1. List the prime factors of w(-5).
2, 17
Let d(n) = -4*n**3 - 2*n**2 + n + 1. Let c be d(-2). Suppose -2*l = -2*o - 6, -5*o + o = 3*l - c. Suppose l*r - 92 = 8. List the prime factors of r.
2, 5
Let b be 4/(-14) - (-10)/35. Suppose -l - q - 2*q = -5, -2*q = b. Suppose 5*a - 5*w = 55, -4*w + 1 = a - l. What are the prime factors of a?
2, 5
Suppose -4*r + 5*q = -136, -5*r - 4*q + q + 133 = 0. Suppose 6 - r = -5*w - 3*g, -2*g = w - 6. What are the prime factors of w?
2
Let p = -6 - -10. Suppose -35 = -k - p*c, 4*k - 44 - 44 = -3*c. What are the prime factors of k?
19
Suppose 0 = -j + 2*j - 8. List the prime factors of 53/3 + j/(-12).
17
Let k(u) be the second derivative of u**4/12 - u**3 + 5*u**2 - u. What are the prime factors of k(7)?
17
Let d = 10 - 21. Let b be d + 3/(6/2). List the prime factors of 1/((-1)/(-1 + b)).
11
Suppose t + 2 = 2*t. Suppose t*o = 1 + 7. Suppose -2*x + 5*q = 17, -27 = -o*x + x - 3*q. What are the prime factors of x?
2
Suppose -3*v + 271 = -248. What are the prime factors of v?
173
Suppose 3*w + 4*y = 96, 2*w - y - 62 = -3*y. Let k = w + -16. List the prime factors of k.
2, 3
Let t be (-6)/21 + (-79)/(-7). What are the prime factors of (22 - 0)*t/22?
11
Suppose -3*t - b - 4*b + 82 = 0, 0 = -b - 4. Suppose -2*l + 7*d = 2*d - 70, -4*d = 2*l - t. List the prime factors of l.
5
Let u(y) = -y**2 + 7*y - 7. Let z be u(5). Suppose 7*h - z*h = 36. What are the prime factors of h?
3
Suppose 4*k - 1724 = -3*n, -2884 = -5*n - 3*k + 7*k. What are the prime factors of ((-1)/(-3))/(16/n)?
2, 3
Let b(t) = t**2 + 2*t + 1. Let z be b(-1). List the prime factors of (z - 6)/(-1) + 0.
2, 3
What are the prime factors of (-1)/(-3) + (-86)/(-3)?
29
Let m(d) = d**2 + 8*d + 8. Let y be m(-6). Let s(a) = 2*a**3 - 2*a. Let x be s(-2). What are the prime factors of (y/(-12))/((-1)/x)?
2
Suppose -y + 2 = -5*v + 7, -16 = -y - 2*v. Suppose l = -l - y, 5*a = -3*l + 15. What are the prime factors of a?
2, 3
Let i be 2*-1*(-15)/10. Suppose t - 2 - i = 0. Suppose -t*y + 32 = -3*y. List the prime factors of y.
2
Let i(f) = f**3 - 2*f**2 + 3*f - 3. Let l be i(2). List the prime factors of 1/l - (-5)/3.
2
Let s = 236 + -67. List the prime factors of s.
13
Suppose -4*s + 144 - 2 = -x, 5*s - 4*x = 183. Suppose s = 5*d - 0*d + y, -5*y = d - 31. List the prime factors of d.
2, 3
Let i(z) = -z**3 - z**2 + 2*z + 100. List the prime factors of i(0).
2, 5
Let c(x) = x - 5. Let a be c(7). Suppose 0 = i + a - 5. List the prime factors of i.
3
Let m = -5 + 15. What are the prime factors of m?
2, 5
Let b = 253 + -145. What are the prime factors of b